 + 16. Suppose 3*n - 148 = 5*w, f*n - 113 = -4*w + 31. Let o = n + 48. Is o a composite number?
False
Let k(c) = -c**3 - 5*c**2 + 5*c - 3. Let a be k(-6). Suppose x - 1 + 3 = 0, -2*x = a*g - 1247. Suppose 238 + g = 5*y. Is y prime?
True
Is 86566 - (-3)/(6*6/(-60)) a prime number?
True
Suppose -27*i - f + 132417 = -22*i, 0 = 5*i - 4*f - 132407. Is i prime?
False
Suppose -4*b - 168 = 48. Is (2/(-4))/(9/b) a prime number?
True
Suppose -5*y + i + 244500 = 0, -y - 5*i + 48924 = -10*i. Is y a prime number?
False
Suppose v = d + 7, -v = -2*d - 9 - 0. Suppose v*w - 8004 = 3596. Is w/25 - (-1)/5 a prime number?
False
Let x(y) = -14*y + 2. Let z(g) = -13*g + 2. Let u(m) = 5*x(m) - 6*z(m). Is u(15) a prime number?
False
Let w be 0 - ((1 - 3) + 0). Suppose s - 6 = -3*o, 0 = s - w*s - 2*o + 4. Suppose 3*n - 7*n + 508 = s. Is n a composite number?
False
Let n = 11 + -11. Suppose n = -3*g - 5*h - 4, 5*g + 0*h = -5*h. Is -110*(-2)/(2 + g) prime?
False
Suppose 0 = -9*r + 7*r + 664. Suppose 7*f - r = 4533. Is f prime?
False
Let c = 635 + 373. Suppose 5*n = l - 1129 - 543, 3*n + c = -l. Is 18/(-45)*1*n prime?
False
Let q be 0/(-2*(0 - 1)). Is (-2 - 329)/(-1 + q) a prime number?
True
Let z = 97 - 23. Is (-8)/(16/15)*z/(-3) a composite number?
True
Suppose -357 = -5*c + 843. Suppose 3*f + 2*x = -c - 32, 5*f = -3*x - 454. Let y = 19 - f. Is y a composite number?
True
Is 137/959 + (-460)/(-14) + 0 prime?
False
Suppose 4*h - 7 = 1. Suppose 0 = h*s - k - 24, 2*k + 3*k = 5*s - 65. Is s prime?
True
Let y be ((-7070)/(-21))/(2/(-3)). Suppose p = 2*o + 4*p + 16, 0 = -4*o + 2*p. Is 1*y*(-3 - o) a prime number?
False
Let j = -13 + 16. Suppose i = j, 3*q - i + 59 = -q. Is 89/4*(-10 - q) prime?
True
Let t(s) = 638*s - 5. Let w(n) = n. Let p(i) = -t(i) - 4*w(i). Is p(-3) a composite number?
False
Suppose 0 = -12*o - 21892 + 340576. Is o a prime number?
True
Let y(r) be the second derivative of 31*r**5/20 - r**4/4 + 3*r**3/2 + r**2 + 18*r. Is y(3) a composite number?
False
Let c(l) be the first derivative of -1/4*l**4 - 1/2*l**2 + 7 + 329*l + 1/3*l**3. Is c(0) composite?
True
Is 781 - (-2 - (-5)/1) a prime number?
False
Let h(b) = -15*b**3 + 8*b**2 + 23*b - 9. Is h(-11) composite?
True
Let n be -3 + (-17 + 1)/(-2). Suppose -n*u - 4*b + 274 = -221, -b - 520 = -5*u. Is u a prime number?
True
Let l = -23 + 25. Suppose -4*d + 2667 = 3*t, -l*t - t + 1329 = 2*d. Is d prime?
False
Let r(o) = 1 + 293*o + 17*o**2 - 287*o + 2. Is r(-4) composite?
False
Suppose -611 = -a - 2*h, 3*a + 1829 = 6*a + 5*h. Let k = a + -305. Is k a prime number?
False
Let w(d) = -d**3 - 3*d**2 + 2*d - 9. Let f be w(-4). Is 1475 + 8*f + 4 prime?
True
Is (-4)/(2/9 + (-37370)/167355) composite?
False
Suppose 5*q - 3313 = -4*g, 4*g = 2*q + q + 3305. Let z = -382 + g. Is z prime?
False
Suppose 337860 + 89876 = 8*v. Is v composite?
True
Let u = 4 - 1. Suppose 0 = -j + 10 - 7, 908 = q - j. Suppose u*h - q = -338. Is h composite?
False
Suppose 0 = -5*h + 2 + 8. Suppose h*l + 2*n - 2192 = 0, l - 2*n - 1112 + 7 = 0. Is l a composite number?
True
Suppose -2*w - 9 = -5*w. Suppose -4*l = -p - 3011, -3*p - 2252 = -w*l - p. Suppose 116 = -2*h + l. Is h composite?
True
Let h = 39 + 173. Suppose -25 = b - h. Is b composite?
True
Let c(y) = 2*y**3 - 7*y**2 + 3*y - 6. Let h(q) = -q**3. Let m(s) = -c(s) - h(s). Let p be 2/(-5) + (-17)/(-5). Is m(p) composite?
True
Let k be ((-2)/(-4))/(10/(-160)). Let c(u) = 4 + 1 - 27*u - 5*u - 8. Is c(k) a prime number?
False
Let q(y) be the second derivative of -y**3/6 + 7*y**2 + 13*y. Let g be q(9). Suppose 4*x - d = 784 - 191, d - 748 = -g*x. Is x a composite number?
False
Suppose 3*k - 12 = 5*m, -4*k + 33 = -4*m + 17. Let t(f) = -3*f - 667. Let r(w) = -2*w - 334. Let q(o) = 5*r(o) - 3*t(o). Is q(m) a prime number?
True
Let k = 2059 - 1426. Suppose 21*g = 18*g + k. Is g prime?
True
Suppose 2*v - 4370 = -3*q, q + 7276 = 6*q - 4*v. Let x = -915 + q. Is x a composite number?
False
Suppose 0 = -11*c - 9*c + 63260. Is c a composite number?
False
Suppose 2*t = 5*w - t - 2514, 4*w - 2019 = 5*t. Let k = w + -208. Is k a composite number?
False
Let m(a) = a**3 - 12*a**2 + 6*a + 9. Let n be m(12). Suppose 0 = -3*u + u - 84. Let p = n - u. Is p composite?
True
Let m = -33 - -18. Suppose 3*v + 14 = -a, 3*a - 5*a + 3*v = -8. Is (-5945)/m - a/3 composite?
False
Let g = -246 + 372. Let k = 179 - g. Is k prime?
True
Suppose -8 = -m - 5. Let d be (-6)/(-8)*180/m. Let j = d + 74. Is j a composite number?
True
Let x(y) = y**2 - y + 2. Let o be 22/55 - 2/5. Let w be x(o). Suppose w*z - 795 = h, -1584 = -4*z - h - 3*h. Is z composite?
False
Is (-15617)/(-14)*(0 - -2) a prime number?
False
Suppose 4*u - 511 = 477. Let c = u - 166. Suppose v = 596 + c. Is v prime?
True
Suppose 0*q = 11*q + 23727. Let y = q - -4310. Is y composite?
False
Let x(q) = -q**2 + 9*q - 1. Let k be x(9). Let b be (1 + k)/(12 + -9). Suppose 2*v - 7*v + 725 = b. Is v composite?
True
Let h(i) = 101*i**2 - 5*i + 4. Let b be h(5). Suppose -5*n + 11468 = -q + b, 4*n + 2*q = 7174. Suppose -4*o = n - 5781. Is o prime?
True
Suppose 2*r + 1227 = -r. Let s = 1206 + r. Is s a prime number?
True
Let x(g) = -g**3 - 17*g**2 + g + 17. Let f be x(-17). Suppose f = -m + 6*m - 10, 4*o + 18 = 5*m. Is ((-145)/o)/((-10)/(-20)) a prime number?
False
Let q(s) = -11*s**3 + 13*s**2 - 6*s + 13. Is q(-6) composite?
True
Let s = -7217 - -17958. Is s composite?
True
Suppose 527859 = -28*m + 2139791. Is m a prime number?
False
Let u(b) = -7 + 3 + 161*b - 1. Is u(2) a composite number?
False
Is ((-5)/(-3))/(3 + 7892/(-2631)) prime?
False
Let b(y) = -y + 27. Let v be b(14). Suppose -v*s + 1479 + 12652 = 0. Is s a composite number?
False
Suppose 10*a + 34137 = 19*a. Is a prime?
True
Is 4606/26 + ((-512)/208)/16 composite?
True
Let q(g) = 82*g**3 + 3*g**2 - 2*g + 1. Let f be q(2). Suppose 5*u - 5*d = f, -2*u + d + 266 = -4*d. Is u prime?
False
Suppose l + 2*n = -2*l + 3401, 4536 = 4*l + 2*n. Is l a composite number?
True
Let i be -3687*(-1 + (-12)/(-9)). Let s = 3264 + i. Suppose 4*o - 2558 = 4*a - 930, -5*o - 3*a = -s. Is o prime?
False
Suppose 2*g - 8*b = -3*b - 14, 2*g - 26 = -5*b. Suppose 5*j = -2*k + 687, k = g*k + 4*j - 688. Is k a composite number?
True
Suppose 48 = -l - 3*l. Let n = l - -14. Suppose 0*a + 100 = 2*a + n*o, 3*o = -4*a + 201. Is a prime?
False
Let w(d) = -d**3 - 3*d**2 + 4*d - 3. Let a(l) = l**3 + 4*l**2 - 5*l + 4. Let p(j) = -2*a(j) - 3*w(j). Let c be p(-2). Is c/2*-1*-326 a prime number?
True
Suppose 8*a + 76*a = 422772. Is a a prime number?
False
Let r(w) = 10*w**3 + 4*w**2 - 8*w - 9. Is r(7) a prime number?
False
Suppose 0 = -x + 4756 + 4987. Is x composite?
False
Suppose b + 3*b - 16 = 0. Let r = 27 + -23. Suppose -a - 3*u + 205 = 0, -373 - 463 = -r*a - b*u. Is a prime?
True
Suppose 16 = -3*b - f, 5*b - b + 19 = f. Suppose -5*s + 4*v = -230, 2*v = -3*v - 25. Let t = s - b. Is t a composite number?
False
Suppose -f + 2*t = -3*t - 30, 0 = 2*f + 3*t + 5. Suppose -2*m + 819 = f*m. Suppose -m = -k + 74. Is k composite?
False
Let n = -25348 - -49359. Is n prime?
False
Suppose -3*n - 4*h + h - 3 = 0, 0 = h + 3. Suppose 2*v = t + 49, -3*t = -5*v + n*v + 132. Let d = -28 - t. Is d a composite number?
False
Suppose 4*k + 8986 = 2*b, -4*k + 22423 = 86*b - 81*b. Is b prime?
False
Let h(d) = -46*d + 3. Let a(c) = 45*c - 4. Let w(s) = 5*a(s) + 6*h(s). Is w(-19) composite?
False
Let f(d) = 1. Let w(u) be the third derivative of -u**4/12 - 3*u**3 + 3*u**2. Let l(c) = -5*f(c) - w(c). Is l(12) a prime number?
True
Let w = -87 + 126. Let m be 23 - (-1 + 2) - (1 + 0). Suppose -4*v + m + w = 0. Is v composite?
True
Suppose 5*c - 4*z + 814 = -z, 2*c + z = -330. Let r = c + 113. Let s = 130 + r. Is s prime?
True
Suppose -4*a = 3*m - 21 - 8, a + m = 8. Suppose -1126 = -a*g + 1479. Is g composite?
False
Suppose -18 = -4*b + b. Let k(g) = 2*g + 1. Is k(b) composite?
False
Let h(t) be the second derivative of -5*t + 5/2*t**3 + 1/6*t**4 + 9/2*t**2 + 0. Is h(-10) a composite number?
False
Is 2*(54/(-12) + 5)*2897 a prime number?
True
Let d be (-16108)/(-9) + (-4)/(-18). Suppose 8*o = 6*o + d. Is o a composite number?
True
Suppose 13*t + 11784 = 17*t. Let p = t + -1145. Is p composite?
False
Suppose -5*d + 131626 = 3*p, 0*p = 4*p + 12. Is d a composite number?
True
Let r(l